 3 + -2. Suppose 4*g - 7 = -4*m + w, m + 1 = 0. Calculate the highest common divisor of p and g.
3
Suppose -8*u + 7*u = -26. Let d = u + -15. What is the greatest common factor of d and 110?
11
Suppose 5*m + 2*h - 102 = -h, -4*m - 2*h + 80 = 0. Suppose -60 = -3*d + m. Let p be (6/1)/(6/52). What is the highest common factor of d and p?
26
Suppose 2*d + 218 = -2*i - 2*i, -3*d - 156 = 3*i. Suppose -m + 36 = -4*m. Let q = m - i. Calculate the greatest common divisor of 30 and q.
15
Let b be 6/(-9)*(-15 + 6). Let t be 74/(-8) + 4/16. Let g = 15 + t. Calculate the greatest common factor of g and b.
6
Suppose r = -5*s - 192 + 1016, 7*s - 1136 = 3*r. What is the greatest common factor of s and 697?
41
Suppose 3*d = 2*x - x + 6, -15 = -4*x - d. Suppose -a - 15 = -6*a. What is the highest common factor of a and x?
3
Suppose d = -0*d + 37. Let p = -6 - d. Let i = p - -72. What is the highest common factor of 58 and i?
29
Suppose -4*i + l + 12 = 3*l, 45 = 5*i - 5*l. Let f(m) = -3*m - 15. Let z be f(-10). What is the highest common factor of i and z?
5
Let r be -15*4/18*3. Let y(l) = l**2 + 4*l + 31. Let o be y(r). Calculate the highest common divisor of 13 and o.
13
Let s = -549 - -607. Calculate the highest common factor of s and 145.
29
Let a = -49 + 63. Let i = 228 + -130. What is the greatest common factor of a and i?
14
Suppose -36 + 39 = r. Let v(b) = b**3 + 12*b**2 - 2*b - 11. Let m be v(-12). Let d(s) = 3*s - 18. Let w be d(m). What is the highest common factor of w and r?
3
Let x(c) = -7*c - 8. Let v be x(7). Let z = -32 - v. What is the greatest common factor of 25 and z?
25
Let c(n) = n**3 + 20*n**2 - 25*n - 17. Let o be c(-20). Calculate the greatest common divisor of o and 126.
21
Let g = -162 + 90. Suppose c - 3*c = 3*w - 537, -c = w - 269. Let i = g + c. Calculate the highest common divisor of 18 and i.
18
Let u = -2526 - -2534. What is the highest common factor of u and 1448?
8
Let w(o) = -4*o**3 - o**2 - o. Let v be w(-1). Suppose -4*c = -z + 206 - 616, 3*c - 314 = v*z. Calculate the highest common divisor of 17 and c.
17
Let y be -30*(11 + -5)*(-6)/45. What is the greatest common divisor of y and 36?
12
Let y = 587 - 539. Suppose -23 = -3*t - 5. What is the greatest common factor of y and t?
6
Suppose 5*d - 9 = -4*f, -37 = -5*d - 0*d + 3*f. Suppose -d*b + 6 + 24 = 0. Suppose 51 - 21 = 2*r. What is the greatest common factor of r and b?
3
Suppose 5 = -3*s - 4, 102 = 2*i + 4*s. Suppose -d + 4 = 3*d, 0 = -5*o - 3*d + 98. Calculate the greatest common divisor of o and i.
19
Suppose 0 = -4*a, 0 = s - 3*a - 9 - 19. What is the greatest common factor of 28 and s?
28
Suppose -2*o - 48 = -10*o. Let z be 644/o*6/4. What is the greatest common divisor of z and 23?
23
Let c = 48 + -34. Let w = c + -11. Suppose -2*u + w*g + 54 = 0, 3*u + 4*g - g - 81 = 0. Calculate the highest common factor of 18 and u.
9
Suppose -3*w = r - 84, -7*r - 5*w + 329 = -3*r. Suppose -q = -4*q + r. Calculate the highest common factor of q and 18.
9
Suppose -2*z - 10*c + 9*c = -1155, -2*z - 4*c = -1164. What is the greatest common divisor of 9 and z?
9
Suppose -4*c = -5*j + 27 - 4, 0 = -4*j + 2*c + 16. Suppose j*h = 5*r + 5*h - 1443, -5*r = h - 1444. What is the greatest common factor of 17 and r?
17
Suppose 24*i - 15*i = 279. What is the highest common factor of 62 and i?
31
Let f = 0 + -12. Let z(k) = -k**3 + 25*k**2 - 23*k - 7. Let o be z(24). Let u = f + o. Calculate the greatest common factor of 35 and u.
5
Suppose -p = -k - 2*p + 2415, k - 2*p = 2424. Let f be k/11 + (-2)/(-11). Calculate the greatest common divisor of 20 and f.
20
Let p(w) = 3*w**2 - 2*w + 27. Let g be p(-5). Calculate the highest common factor of 16 and g.
16
Let u(l) = 2*l**2 - 10*l - 23. Let z be u(7). Calculate the greatest common factor of z and 40.
5
Let y(l) = l + 7 + 0*l - 7. Let o be y(1). Let p = 25 - o. Calculate the highest common factor of 36 and p.
12
Let n(k) be the first derivative of -k**4/4 + 5*k**3 - 6*k**2 + 8*k + 4. Let m be n(14). What is the greatest common divisor of 12 and m?
12
Let z = 617 - 41. Let j be z/99 - (-6)/33. Calculate the highest common factor of j and 54.
6
Let s(d) = 3*d - 64. Let i be s(15). Let r = 18 + -31. Let c = r - i. What is the highest common divisor of c and 3?
3
Let z = -249 - -327. Calculate the highest common factor of z and 130.
26
Let l(f) = -f**3 - 12*f**2 - 40*f - 22. Let p be l(-8). Calculate the greatest common divisor of p and 224.
14
Let w(l) = l**2 - 3. Let c be w(4). Let r be c + 0/(0 - 3). Let f be (-18)/15*(-71 - -6). Calculate the highest common factor of r and f.
13
Suppose 2*p + f - 20 = -3*f, 0 = -2*p + 3*f + 34. Calculate the greatest common factor of p and 406.
14
Let b be 3 - (-40 - 6/6). What is the greatest common divisor of b and 99?
11
Let r be (10*-2)/(-31 - -29). What is the greatest common factor of r and 430?
10
Let a(h) be the second derivative of -h**4/12 + 3*h**3/2 + 8*h**2 + 8*h. Let f be a(10). Calculate the greatest common divisor of 18 and f.
6
Let u = -14 - -11. Let d be u/(-2)*(-60)/(-9). Calculate the greatest common factor of 90 and d.
10
Let v(i) = -2*i**2 - 19*i + 25. Let s be v(-10). What is the highest common divisor of s and 9?
3
Let i be (-537)/(-21) - ((-189)/(-49))/(-9). What is the highest common factor of i and 1222?
26
Let j(g) = -g**3 + 11*g**2 + 18*g - 6. Let c be j(12). Suppose 244 = 10*d - c. What is the greatest common factor of d and 124?
31
Let o = -153 + 531. What is the highest common factor of 12 and o?
6
Suppose 2*t - 4*t + 6 = 0. Suppose t*u - 180 = -3*u. Calculate the greatest common factor of 12 and u.
6
Suppose -3*x = -6*x + 96. Suppose 0 = 4*c - 4*i - x, -6*c + 5*i = -2*c - 32. Calculate the highest common factor of c and 4.
4
Suppose 1100 = 665*r - 645*r. Calculate the greatest common factor of 517 and r.
11
Let b be (-2 + -1)*22/(-6). Let q be 165/9*18*(-7)/(-21). Calculate the greatest common factor of b and q.
11
Let g = -373 + 703. Calculate the highest common divisor of g and 220.
110
Suppose 5*v = 2*z + 4963 + 1143, 0 = -3*z + 6. Calculate the highest common factor of 26 and v.
26
Suppose 0 = 22*i - 50*i + 4144. What is the highest common factor of i and 8?
4
Let w be (4/(-6))/(21 + (-63510)/3024). Let k be (2 - 1 - 3)*-21. Calculate the greatest common factor of k and w.
42
Let i(q) = -5*q - 7. Let u be i(-3). Suppose -32 = -4*j - u. Let p = 10 - j. What is the highest common factor of 20 and p?
4
Let p(i) = i**3 - 5*i**2 - i - 17. Let k be p(6). Let d be 104 + -3 + 5 + 1. Suppose 49 + d = 4*w. Calculate the greatest common divisor of k and w.
13
Suppose -4*b - 9 = 2*c - 23, -5*c = -3*b - 9. Let a be (-380)/(-12) + 1/c. Calculate the greatest common divisor of a and 4.
4
Suppose 2*u - 707 = -25. Suppose -d - 1 = 0, 3*a + 10 = d + u. Calculate the greatest common divisor of 10 and a.
10
Let z = 95 - 95. Suppose -3*p + 356 = r, -3*r - 2*r - 5 = z. What is the highest common factor of p and 17?
17
Suppose f = -2*f + 4*l + 153, -3*l + 284 = 5*f. Calculate the highest common factor of 15 and f.
5
Let r = -61 + 84. What is the highest common divisor of 115 and r?
23
Suppose 3*z = -5*y + 32, 8 + 4 = 4*y - z. Suppose 0 = 5*m - 136 - 14. Let f be -48*(9/15 + (-38)/m). What is the highest common factor of y and f?
4
Let w = 436 - 241. Calculate the greatest common factor of 39 and w.
39
Let r(h) = 6*h**2 + 29*h + 577. Let m be r(-16). Calculate the highest common factor of 194 and m.
97
Let m(g) = 2*g**3 - 5*g**2 + 5*g. Let j be m(5). Let o = 853 - 753. Calculate the greatest common divisor of o and j.
50
Suppose 3*m - 44*i - 145 = -46*i, 3*m - 2*i = 161. Calculate the highest common factor of 3 and m.
3
Let u = 222 - 201. Calculate the highest common divisor of 651 and u.
21
Let y = -18 - -16. Let m be (-1)/(-1)*(y + 5). Suppose -m*q = 2*q - 115. What is the highest common divisor of 69 and q?
23
Suppose m + 33 = 42. Calculate the highest common divisor of m and 24.
3
Suppose -x - 23 = -61. What is the highest common divisor of 266 and x?
38
Let u be (-70)/(-6) - (-26)/(-39). Let p(r) = -24*r**2 - 3*r + 4. Let q be p(3). Let o = 342 + q. What is the highest common factor of o and u?
11
Let s(b) = b**3 + 4*b**2 - 4*b + 1. Suppose -15*r = -18*r - 12. Let m be s(r). Let f = -170 + 28